 is the remainder when 241 is divided by 116?
9
Calculate the remainder when 798 is divided by 28.
14
Calculate the remainder when 43 is divided by 15.
13
What is the remainder when 319 is divided by 56?
39
Calculate the remainder when 241 is divided by 117.
7
Calculate the remainder when 227 is divided by 76.
75
Calculate the remainder when 3769 is divided by 74.
69
Calculate the remainder when 502 is divided by 36.
34
Calculate the remainder when 2346 is divided by 87.
84
What is the remainder when 13265 is divided by 66?
65
What is the remainder when 2522 is divided by 310?
42
What is the remainder when 1563 is divided by 58?
55
What is the remainder when 957 is divided by 80?
77
Calculate the remainder when 643 is divided by 95.
73
What is the remainder when 2114 is divided by 6?
2
Calculate the remainder when 9956 is divided by 26.
24
What is the remainder when 149 is divided by 6?
5
What is the remainder when 182 is divided by 8?
6
Calculate the remainder when 421 is divided by 17.
13
What is the remainder when 271 is divided by 216?
55
What is the remainder when 1052 is divided by 17?
15
Calculate the remainder when 68 is divided by 10.
8
Calculate the remainder when 651 is divided by 28.
7
What is the remainder when 1728 is divided by 91?
90
What is the remainder when 14244 is divided by 77?
76
What is the remainder when 256 is divided by 2?
0
Calculate the remainder when 62 is divided by 24.
14
Calculate the remainder when 892 is divided by 432.
28
Calculate the remainder when 1262 is divided by 67.
56
What is the remainder when 143 is divided by 21?
17
What is the remainder when 48 is divided by 21?
6
Calculate the remainder when 1259 is divided by 147.
83
What is the remainder when 2857 is divided by 20?
17
Calculate the remainder when 388 is divided by 28.
24
What is the remainder when 185 is divided by 17?
15
Calculate the remainder when 509 is divided by 57.
53
What is the remainder when 5545 is divided by 146?
143
Calculate the remainder when 368 is divided by 178.
12
Calculate the remainder when 57 is divided by 32.
25
Calculate the remainder when 2273 is divided by 753.
14
Calculate the remainder when 466 is divided by 59.
53
Calculate the remainder when 7937 is divided by 4.
1
Calculate the remainder when 866 is divided by 29.
25
What is the remainder when 909 is divided by 112?
13
What is the remainder when 31 is divided by 30?
1
What is the remainder when 770 is divided by 86?
82
Calculate the remainder when 649 is divided by 95.
79
Calculate the remainder when 240 is divided by 63.
51
Calculate the remainder when 2559 is divided by 135.
129
What is the remainder when 182 is divided by 11?
6
What is the remainder when 183 is divided by 19?
12
What is the remainder when 40 is divided by 4?
0
What is the remainder when 287 is divided by 73?
68
Calculate the remainder when 194 is divided by 35.
19
Calculate the remainder when 508 is divided by 30.
28
What is the remainder when 1870 is divided by 21?
1
Calculate the remainder when 1237 is divided by 43.
33
What is the remainder when 84 is divided by 5?
4
What is the remainder when 175 is divided by 23?
14
Calculate the remainder when 190 is divided by 13.
8
Calculate the remainder when 219 is divided by 27.
3
Calculate the remainder when 595 is divided by 590.
5
Calculate the remainder when 1117 is divided by 35.
32
Calculate the remainder when 54 is divided by 8.
6
Calculate the remainder when 189 is divided by 96.
93
What is the remainder when 323 is divided by 128?
67
Calculate the remainder when 1971 is divided by 328.
3
Calculate the remainder when 62 is divided by 21.
20
What is the remainder when 294 is divided by 43?
36
What is the remainder when 303 is divided by 64?
47
What is the remainder when 111 is divided by 7?
6
Calculate the remainder when 37 is divided by 21.
16
Calculate the remainder when 2478 is divided by 146.
142
What is the remainder when 4522 is divided by 58?
56
Calculate the remainder when 409 is divided by 320.
89
What is the remainder when 380 is divided by 32?
28
What is the remainder when 39258 is divided by 83?
82
Calculate the remainder when 104 is divided by 46.
12
Calculate the remainder when 2501 is divided by 822.
35
Calculate the remainder when 95 is divided by 37.
21
What is the remainder when 151 is divided by 77?
74
What is the remainder when 2168 is divided by 78?
62
Calculate the remainder when 3534 is divided by 58.
54
What is the remainder when 686 is divided by 320?
46
Calculate the remainder when 120 is divided by 54.
12
Calculate the remainder when 5798 is divided by 50.
48
Calculate the remainder when 7032 is divided by 51.
45
What is the remainder when 582 is divided by 22?
10
Calculate the remainder when 299 is divided by 237.
62
Calculate the remainder when 411 is divided by 17.
3
What is the remainder when 902 is divided by 443?
16
Calculate the remainder when 4557 is divided by 97.
95
Calculate the remainder when 298 is divided by 16.
10
Calculate the remainder when 1173 is divided by 525.
123
Calculate the remainder when 93 is divided by 18.
3
Calculate the remainder when 1106 is divided by 27.
26
What is the remainder when 1713 is divided by 52?
49
What is the remainder when 458 is divided by 123?
89
Calculate the remainder when 399 is divided by 79.
4
What is the remainder when 1435 is divided by 17?
7
What is the remainder when 77 is divided by 60?
17
Calculate the remainder when 645 is divided by 12.
9
Calculate the remainder when 489 is divided by 61.
1
What is the remainder when 56 is divided by 21?
14
Calculate the remainder when 218 is divided by 74.
70
Calculate the remainder when 231 is divided by 30.
21
Calculate the remainder when 495 is divided by 65.
40
What is the remainder when 371 is divided by 25?
21
What is the remainder when 851 is divided by 155?
76
What is the remainder when 12 is divided by 8?
4
What is the remainder when 547 is divided by 108?
7
What is the remainder when 168 is divided by 43?
39
What is the remainder when 15124 is divided by 275?
274
What is the remainder when 272 is divided by 21?
20
What is the remainder when 1888 is divided by 126?
124
Calculate the remainder when 121 is divided by 48.
25
What is the remainder when 274 is divided by 28?
22
Calculate the remainder when 319 is divided by 40.
39
Calculate the remainder when 369 is divided by 31.
28
What is the remainder when 2870 is divided by 120?
110
Calculate the remainder when 11590 is divided by 184.
182
Calculate the remainder when 239 is divided by 118.
3
Calculate the remainder when 2798 is divided by 9.
8
Calculate the remainder when 61 is divided by 19.
4
Calculate the remainder when 478 is divided by 10.
8
What is the remainder when 914 is divided by 34?
30
What is the remainder when 5889 is divided by 137?
135
Calculate the remainder when 119 is divided by 40.
39
Calculate the remainder when 374 is divided by 94.
92
What is the remainder when 284 is divided by 138?
8
Calculate the remainder when 571 is divided by 26.
25
What is the remainder when 2090 is divided by 40?
10
Calculate the remainder when 293 is divided by 59.
57
Calculate the remainder when 297 is divided by 110.
77
What is the remainder when 761 is divided by 51?
47
Calculate the remainder when 94 is divided by 28.
10
What is the remainder when 400 is divided by 5?
0
What is the remainder when 426 is divided by 207?
12
Calculate the remainder when 2932 is divided by 7.
6
Calculate the remainder when 198 is divided by 81.
36
Calculate the remainder when 780 is divided by 28.
24
What is the remainder when 10805 is divided by 193?
190
Calculate the remainder when 396 is divided by 40.
36
What is the remainder when 5009 is divided by 66?
59
What is the remainder when 96 is divided by 15?
6
What is the remainder when 14 is divided by 5?
4
What is the remainder when 82 is divided by 64?
18
What is the remainder when 406 is divided by 395?
11
Calculate the remainder when 667 is divided by 23.
0
Calculate the remainder when 1331 is divided by 31.
29
Calculate the remainder when 12236 is divided by 18.
14
What is the remainder when 64 is divided by 35?
29
What is the remainder when 265 is divided by 79?
28
Calculate the remainder when 1456 is divided by 1407.
4